16993
What are the prime factors of 1488?
2, 3, 31
List the prime factors of 34837.
11, 3167
List the prime factors of 6023808.
2, 3, 7, 83
What are the prime factors of 12317752?
2, 1539719
List the prime factors of 1517107.
1517107
What are the prime factors of 3223886?
2, 83, 19421
What are the prime factors of 249575?
5, 67, 149
What are the prime factors of 13019?
47, 277
What are the prime factors of 131123?
23, 5701
List the prime factors of 122127.
3, 40709
List the prime factors of 23242106.
2, 59, 431, 457
List the prime factors of 549771.
3, 401, 457
What are the prime factors of 372510?
2, 3, 5, 4139
List the prime factors of 2910325.
5, 11, 19, 557
What are the prime factors of 767700?
2, 3, 5, 853
What are the prime factors of 1708590?
2, 3, 5, 13, 337
List the prime factors of 3170988.
2, 3, 9787
List the prime factors of 798238.
2, 7, 23, 37, 67
List the prime factors of 3068284.
2, 767071
What are the prime factors of 2468471?
2468471
What are the prime factors of 705213?
3, 26119
List the prime factors of 410444.
2, 102611
List the prime factors of 1371679.
17, 80687
What are the prime factors of 16939?
13, 1303
What are the prime factors of 686212?
2, 171553
What are the prime factors of 23579519?
3541, 6659
What are the prime factors of 563437?
7, 80491
What are the prime factors of 395717?
7, 56531
What are the prime factors of 815470?
2, 5, 81547
List the prime factors of 16828500.
2, 3, 5, 13, 863
What are the prime factors of 14851467?
3, 37, 103, 433
List the prime factors of 1806195.
3, 5, 120413
What are the prime factors of 809677?
11, 73607
List the prime factors of 174682.
2, 167, 523
What are the prime factors of 2928971?
29, 100999
List the prime factors of 734938.
2, 367469
List the prime factors of 42993.
3, 17, 281
What are the prime factors of 1189380?
2, 3, 5, 43, 461
List the prime factors of 153936.
2, 3, 1069
List the prime factors of 6687.
3, 743
What are the prime factors of 708742?
2, 354371
List the prime factors of 3301621.
17, 29, 37, 181
List the prime factors of 293621.
293621
What are the prime factors of 299784?
2, 3, 12491
What are the prime factors of 9744926?
2, 257, 18959
What are the prime factors of 917639?
211, 4349
List the prime factors of 2045572.
2, 41, 12473
List the prime factors of 1040832.
2, 3, 13, 139
What are the prime factors of 13496284?
2, 31, 3511
List the prime factors of 307998.
2, 3, 71, 241
List the prime factors of 8483334.
2, 3, 1413889
List the prime factors of 316373.
316373
What are the prime factors of 55099?
11, 5009
List the prime factors of 989805.
3, 5, 19, 23, 151
List the prime factors of 1620319.
1620319
What are the prime factors of 49461?
3, 16487
What are the prime factors of 8531442?
2, 3, 149, 3181
List the prime factors of 92901.
3, 173, 179
What are the prime factors of 657875?
5, 19, 277
What are the prime factors of 4728889?
11, 429899
List the prime factors of 2128948.
2, 29, 18353
What are the prime factors of 818228?
2, 204557
What are the prime factors of 3157049?
7, 23, 19609
What are the prime factors of 825448?
2, 13, 7937
List the prime factors of 189822.
2, 3, 17, 1861
List the prime factors of 166924.
2, 29, 1439
What are the prime factors of 13981712?
2, 29, 30133
List the prime factors of 13470777.
3, 1496753
List the prime factors of 7949362.
2, 3974681
List the prime factors of 305419.
305419
What are the prime factors of 2093665?
5, 7, 41, 1459
What are the prime factors of 139926?
2, 3, 23321
List the prime factors of 470418.
2, 3, 13, 37, 163
List the prime factors of 206911.
206911
List the prime factors of 7715318.
2, 13, 43, 67, 103
List the prime factors of 591487.
13, 173, 263
What are the prime factors of 8285403?
3, 7, 41, 9623
What are the prime factors of 5509351?
23, 31, 7727
List the prime factors of 477095.
5, 95419
List the prime factors of 1453430.
2, 5, 11, 73, 181
What are the prime factors of 36819652?
2, 9204913
What are the prime factors of 192275?
5, 7691
What are the prime factors of 5035950?
2, 3, 5, 19, 31
What are the prime factors of 12033424?
2, 13, 57853
List the prime factors of 11016674.
2, 103, 53479
List the prime factors of 709884.
2, 3, 7, 313
List the prime factors of 1176681.
3, 11, 181, 197
List the prime factors of 2397996.
2, 3, 59, 1129
What are the prime factors of 9979385?
5, 13, 153529
List the prime factors of 156581.
31, 5051
What are the prime factors of 344733?
3, 151, 761
List the prime factors of 180415.
5, 36083
List the prime factors of 624625.
5, 19, 263
List the prime factors of 4560937.
31, 167, 881
List the prime factors of 95500.
2, 5, 191
List the prime factors of 357702.
2, 3, 59617
What are the prime factors of 133838?
2, 66919
List the prime factors of 24476120.
2, 5, 611903
List the prime factors of 309153.
3, 13, 7927
List the prime factors of 6214129.
17, 365537
List the prime factors of 29393100.
2, 3, 5, 11, 2969
List the prime factors of 15409039.
601, 25639
What are the prime factors of 184427?
43, 4289
List the prime factors of 240667.
7, 34381
What are the prime factors of 108675?
3, 5, 7, 23
What are the prime factors of 1222397?
11, 111127
List the prime factors of 10345209.
3, 7, 492629
What are the prime factors of 387053?
293, 1321
What are the prime factors of 81845?
5, 16369
List the prime factors of 780160.
2, 5, 23, 53
What are the prime factors of 1112522?
2, 556261
What are the prime factors of 903062?
2, 199, 2269
List the prime factors of 20561099.
13, 1581623
List the prime factors of 138631.
157, 883
List the prime factors of 3685703.
7, 181, 2909
What are the prime factors of 456618?
2, 3, 76103
What are the prime factors of 79732?
2, 31, 643
What are the prime factors of 1693482?
2, 3, 7, 61, 661
What are the prime factors of 1512870?
2, 3, 5, 211, 239
List the prime factors of 110433.
3, 131, 281
List the prime factors of 502702.
2, 19, 13229
What are the prime factors of 479501?
11, 43591
List the prime factors of 183130.
2, 5, 18313
What are the prime factors of 437359?
13, 17, 1979
List the prime factors of 30997086.
2, 3, 17, 31, 9803
List the prime factors of 29778620.
2, 5, 1488931
List the prime factors of 142811.
142811
What are the prime factors of 465326?
2, 232663
List the prime factors of 10303246.
2, 47, 109609
What are the prime factors of 1396000?
2, 5, 349
List the prime factors of 292010.
2, 5, 29201
List the prime factors of 354610.
2, 5, 35461
What are the prime factors of 394976?
2, 12343
List the prime factors of 187586.
2, 7, 13399
What are the prime factors of 2661457?
2661457
What are the prime factors of 391176?
2, 3, 1811
List the prime factors of 3467085.
3, 5, 37, 6247
List the prime factors of 1056815.
5, 97, 2179
What are the prime factors of 25780238?
2, 11, 127, 9227
List the prime factors of 3588936.
2, 3, 13, 11503
What are the prime factors of 18188269?
11, 43, 38453
What are the prime factors of 20024621?
367, 54563
What are the prime factors of 11852010?
2, 3, 5, 19, 29, 239
List the prime factors of 115746.
2, 3, 101, 191
What are the prime factors of 9629694?
2, 3, 19, 37, 761
What are the prime factors of 4177223?
17, 245719
What are the prime factors of 39066?
2, 3, 17, 383
List the prime factors of 4287312.
2, 3, 19, 1567
What are the prime factors of 5152713?
3, 23, 53, 1409
What are the prime factors of 16457516?
2, 71, 167, 347
List the prime factors of 42294.
2, 3, 7, 19, 53
What are the prime factors of 227107?
19, 11953
What are the prime factors of 2445136?
2, 152821
What are the prime factors of 3389089?
11, 37, 757
List the prime factors of 251867.
7, 11, 3271
List the prime factors of 45148.
2, 11287
List the prime factors of 9862265.
5, 7, 43, 6553
List the prime factors of 129337.
13, 9949
List the prime factors of 152187.
3, 7, 7247
What are the prime factors of 338513?
7, 37, 1307
List the prime factors of 309794.
2, 154897
What are the prime factors of 10661749?
7, 1523107
What are the prime factors of 619729?
11, 53, 1063
List the prime factors of 3248433.
3, 61, 97
List the prime factors of 9639088.
2, 109, 5527
List the prime factors of 169689.
3, 13, 19, 229
List the prime factors of 7585.
5, 37, 41
What are the prime factors of 756039?
3, 252013
List the prime factors of 5614051.
